{"id":34600,"date":"2025-08-18T10:23:36","date_gmt":"2025-08-18T14:23:36","guid":{"rendered":"https:\/\/www.andrehalle.com\/atv\/can-am-renegade-x-mr-650-catalyst-grey-2026\/"},"modified":"2026-04-28T16:59:30","modified_gmt":"2026-04-28T20:59:30","slug":"can-am-renegade-x-mr-650-catalyst-grey-2026","status":"publish","type":"atv","link":"https:\/\/www.andrehalle.com\/fr\/vtt\/can-am-renegade-x-mr-650-catalyst-grey-2026\/","title":{"rendered":"Can-Am Renegade X mr 650 Catalyst Grey 2026"},"featured_media":0,"template":"","price-range":[6],"acf":{"new_vehicle_instock_make":"Can-Am","new_vehicle_model":"Renegade X mr 650 Catalyst Grey","new_vehicle_year":"2026","new_vehicle_type":"Renegade","new_vehicle_colours":"Catalyst Grey","new_vehicle_description":"","new_vehicle_instock_images":[{"new_vehicle_image":"https:\/\/cdn.powergo.ca\/media\/catalog\/2025\/34\/b23abc86ef424d7385f0faaf712e3f9b_1024x768_webp\/can-am-renegade-x-mr-650-catalyst-grey-2026-0.webp"}],"new_vehicle_price":"18164.00","new_vehicle_price_discount":"","new_vehicle_price_fees_included":false,"new_vehicle_specs":[{"new_vehicle_spec_label":"Type","new_vehicle_spec_value":"62\u00a0ch, 2\u00a0cyl. en V, Rotax de 650\u00a0cc, avec col d\u2019entr\u00e9e d\u2019air, refroidi par liquide","new_vehicle_spec_group":"Moteur"},{"new_vehicle_spec_label":"Transmission","new_vehicle_spec_value":"TRANSMISSION CVTBasse et haute vitesses, point mort, marche arri\u00e8re et stationnement","new_vehicle_spec_group":"Moteur"},{"new_vehicle_spec_label":"Groupe motopropulseur","new_vehicle_spec_value":"S\u00e9lecteur de mode 2\u00a0x\u00a04\/4\u00a0x\u00a04 Lock avec diff\u00e9rentiel avant Visco-4Lok","new_vehicle_spec_group":"Moteur"},{"new_vehicle_spec_label":"Assistance \u00e0 la conduite","new_vehicle_spec_value":"Travail\/Standard\/Modes sport Freinage d\u2019urgence intelligent (iEBMC)","new_vehicle_spec_group":"Moteur"},{"new_vehicle_spec_label":"Suspension avant","new_vehicle_spec_value":"Bras triangulaire double arqu\u00e9s avec barre stabilisatrice","new_vehicle_spec_group":"Suspensions"},{"new_vehicle_spec_label":"Amortisseurs avant","new_vehicle_spec_value":"Amortisseurs SHOWA \u00e0 piston flottant interne (IFP)","new_vehicle_spec_group":"Suspensions"},{"new_vehicle_spec_label":"Suspension arri\u00e8re","new_vehicle_spec_value":"Bras longitudinal de torsion (TTI) ind\u00e9pendant","new_vehicle_spec_group":"Suspensions"},{"new_vehicle_spec_label":"Amortisseurs arri\u00e8re","new_vehicle_spec_value":"Amortisseurs SHOWA \u00e0 piston flottant interne (IFP)","new_vehicle_spec_group":"Suspensions"},{"new_vehicle_spec_label":"Pneus avant","new_vehicle_spec_value":"ITP Mega Mayhem 28\u00a0x\u00a08\u00a0\/10x\u00a012\u00a0po","new_vehicle_spec_group":"Pneus\/Roues"},{"new_vehicle_spec_label":"Pneus arri\u00e8re","new_vehicle_spec_value":"ITP Mega Mayhem 28\u00a0x\u00a08\u00a0\/10x\u00a012\u00a0po","new_vehicle_spec_group":"Pneus\/Roues"},{"new_vehicle_spec_label":"Roues","new_vehicle_spec_value":"Jantes de 12\u00a0po en aluminium avec anneau de retenue","new_vehicle_spec_group":"Pneus\/Roues"},{"new_vehicle_spec_label":"Frein avant","new_vehicle_spec_value":"Deux disques de 214\u00a0mm avec \u00e9triers hydrauliques \u00e0 2\u00a0pistons","new_vehicle_spec_group":"Freins"},{"new_vehicle_spec_label":"Frein arri\u00e8re","new_vehicle_spec_value":"Un disque ventil\u00e9 de 214\u00a0mm avec \u00e9trier hydraulique \u00e0 2\u00a0pistons","new_vehicle_spec_group":"Freins"},{"new_vehicle_spec_label":"LxLxH","new_vehicle_spec_value":"224\u00a0x\u00a0127\u00a0x\u00a0131\u00a0cm (83\u00a0x\u00a050\u00a0x\u00a056\u00a0po)","new_vehicle_spec_group":"Dimensions Capacit\u00e9s"},{"new_vehicle_spec_label":"Garde au sol","new_vehicle_spec_value":"30,5\u00a0cm (12\u00a0po)","new_vehicle_spec_group":"Dimensions Capacit\u00e9s"},{"new_vehicle_spec_label":"Type de jauge","new_vehicle_spec_value":"\u00c9cran num\u00e9rique de 4,5\u00a0po","new_vehicle_spec_group":"Jauge"},{"new_vehicle_spec_label":"Compteur","new_vehicle_spec_value":"\u00c9cran num\u00e9rique de 4,5\u00a0po","new_vehicle_spec_group":"Caract\u00e9ristiques"},{"new_vehicle_spec_label":"Freins","new_vehicle_spec_value":"Standard","new_vehicle_spec_group":"Caract\u00e9ristiques"},{"new_vehicle_spec_label":"Suspension","new_vehicle_spec_value":"Standard","new_vehicle_spec_group":"Caract\u00e9ristiques"},{"new_vehicle_spec_label":"Treuil","new_vehicle_spec_value":"Pr\u00e9c\u00e2bl\u00e9 pour le treuil disponible","new_vehicle_spec_group":"Caract\u00e9ristiques"},{"new_vehicle_spec_label":"Protection","new_vehicle_spec_value":"Pare-chocs avant\u00a0MUD,Pare-chocs arri\u00e8re, Plaque de protection avant et centrale en aluminium,Prot\u00e8ge-mains,Bavette avant inf\u00e9rieure","new_vehicle_spec_group":"Caract\u00e9ristiques"}],"new_vehicle_order":"2060670","new_vehicle_managed_instock":true,"new_vehicle_brochure_url":""},"_links":{"self":[{"href":"https:\/\/www.andrehalle.com\/fr\/wp-json\/wp\/v2\/atv\/34600"}],"collection":[{"href":"https:\/\/www.andrehalle.com\/fr\/wp-json\/wp\/v2\/atv"}],"about":[{"href":"https:\/\/www.andrehalle.com\/fr\/wp-json\/wp\/v2\/types\/atv"}],"wp:attachment":[{"href":"https:\/\/www.andrehalle.com\/fr\/wp-json\/wp\/v2\/media?parent=34600"}],"wp:term":[{"taxonomy":"price-range","embeddable":true,"href":"https:\/\/www.andrehalle.com\/fr\/wp-json\/wp\/v2\/price-range?post=34600"}],"curies":[{"name":"wp","href":"https:\/\/api.w.org\/{rel}","templated":true}]}}

62 ch, 2 cyl. en V, Rotax de 650 cc, avec col d’entrée d’air, refroidi par liquide

TRANSMISSION CVTBasse et haute vitesses, point mort, marche arrière et stationnement

Sélecteur de mode 2 x 4/4 x 4 Lock avec différentiel avant Visco-4Lok

Assistance à la conduite

Bras triangulaire double arqués avec barre stabilisatrice

Amortisseurs SHOWA à piston flottant interne (IFP)

Suspension arrière

Bras longitudinal de torsion (TTI) indépendant

Amortisseurs arrière

Pneus arrière

Deux disques de 214 mm avec étriers hydrauliques à 2 pistons

Frein arrière

Un disque ventilé de 214 mm avec étrier hydraulique à 2 pistons

Dimensions Capacités

Écran numérique de 4,5 po

Caractéristiques

Précâblé pour le treuil disponible

Pare-chocs avant MUD,Pare-chocs arrière, Plaque de protection avant et centrale en aluminium,Protège-mains,Bavette avant inférieure
