{"id":35002,"date":"2025-09-15T09:25:01","date_gmt":"2025-09-15T13:25:01","guid":{"rendered":"https:\/\/www.andrehalle.com\/atv\/honda-rubicon-520-dct-deluxe-gris-metallique-mat-loup-des-bois-2026\/"},"modified":"2026-04-23T16:06:39","modified_gmt":"2026-04-23T20:06:39","slug":"honda-rubicon-520-dct-deluxe-gris-metallique-mat-loup-des-bois-2026","status":"publish","type":"atv","link":"https:\/\/www.andrehalle.com\/fr\/vtt\/honda-rubicon-520-dct-deluxe-gris-metallique-mat-loup-des-bois-2026\/","title":{"rendered":"Honda Rubicon 520 DCT Deluxe Gris M\u00e9tallique Mat Loup Des Bois 2026"},"featured_media":0,"template":"","price-range":[5],"acf":{"new_vehicle_instock_make":"Honda","new_vehicle_model":"Rubicon 520 DCT Deluxe Gris M\u00e9tallique Mat Loup Des Bois","new_vehicle_year":"2026","new_vehicle_type":"Rubicon","new_vehicle_colours":"Gris M\u00e9tallique Mat Loup Des Bois","new_vehicle_description":"","new_vehicle_instock_images":[{"new_vehicle_image":"https:\/\/cdn.powergo.ca\/media\/catalog\/2025\/38\/1cfac93d6bee4a0a93ca13bc6517eae0_1024x768_webp\/honda-rubicon-520-dct-deluxe-gris-metallique-mat-loup-des-bois-2026-0.webp"}],"new_vehicle_price":"14912.00","new_vehicle_price_discount":"14162.00","new_vehicle_price_fees_included":false,"new_vehicle_specs":[{"new_vehicle_spec_label":"Moteur","new_vehicle_spec_value":"Monocylindre \u00e0 refroidissement par liquide et montage longitudinal","new_vehicle_spec_group":"Moteur et transmission"},{"new_vehicle_spec_label":"Cylindr\u00e9e","new_vehicle_spec_value":"518 cm3","new_vehicle_spec_group":"Moteur et transmission"},{"new_vehicle_spec_label":"Al\u00e9sage et course","new_vehicle_spec_value":"96,0 mm x 71,5 mm","new_vehicle_spec_group":"Moteur et transmission"},{"new_vehicle_spec_label":"Rapport volum\u00e9trique","new_vehicle_spec_value":"9,5 : 1","new_vehicle_spec_group":"Moteur et transmission"},{"new_vehicle_spec_label":"Distribution","new_vehicle_spec_value":"Soupapes en t\u00eate, 2 soupapes","new_vehicle_spec_group":"Moteur et transmission"},{"new_vehicle_spec_label":"Alimentation","new_vehicle_spec_value":"Injection \u00e9lectronique PGM-FI","new_vehicle_spec_group":"Moteur et transmission"},{"new_vehicle_spec_label":"Transmission","new_vehicle_spec_value":"Enti\u00e8rement automatique \u00e0 double embrayage, \u00e0 5 rapports, programme de s\u00e9lection \u00e9lectrique des vitesses (ESP), transmission secondaire \u00e0 plage rapide\/lente et marche arri\u00e8re","new_vehicle_spec_group":"Moteur et transmission"},{"new_vehicle_spec_label":"Direction Assist\u00e9e","new_vehicle_spec_value":"De s\u00e9rie, direction assist\u00e9e \u00e9lectrique","new_vehicle_spec_group":"Moteur et transmission"},{"new_vehicle_spec_label":"Entra\u00eenement final","new_vehicle_spec_value":"2RM\/4RM; arbres avant et arri\u00e8re directs avec s\u00e9lection 2RM\/4RM et diff\u00e9rentiel avant \u00e0 d\u00e9tection de couple\/verrouillage","new_vehicle_spec_group":"Moteur et transmission"},{"new_vehicle_spec_label":"Suspension avant","new_vehicle_spec_value":"Ind\u00e9pendante \u00e0 double bras triangul\u00e9s et amortisseurs hydrauliques r\u00e9glables; d\u00e9battement de 185 mm (7,3 po)","new_vehicle_spec_group":"Ch\u00e2ssis et suspension"},{"new_vehicle_spec_label":"Suspension arri\u00e8re","new_vehicle_spec_value":"Ind\u00e9pendante \u00e0 double bras (bras inf\u00e9rieur triangul\u00e9, bras sup\u00e9rieur en I) et amortisseurs hydrauliques r\u00e9glables; d\u00e9battement de 215 mm (8,5 po)","new_vehicle_spec_group":"Ch\u00e2ssis et suspension"},{"new_vehicle_spec_label":"Pneus","new_vehicle_spec_value":"Avant : 25 x 8 - 12  Arri\u00e8re : 25 x 10 - 12","new_vehicle_spec_group":"Caract\u00e9ristiques additionnelles"},{"new_vehicle_spec_label":"Freins","new_vehicle_spec_value":"Avant : deux disques de 190 mm  Arri\u00e8re : disque de 170 mm","new_vehicle_spec_group":"Caract\u00e9ristiques additionnelles"},{"new_vehicle_spec_label":"Capacit\u00e9 de remorquage","new_vehicle_spec_value":"600 kg (1 322 lb)","new_vehicle_spec_group":"Caract\u00e9ristiques additionnelles"},{"new_vehicle_spec_label":"Capacit\u00e9 de chargement","new_vehicle_spec_value":"Porte-bagages avant : 45 kg (99 lb)  Porte-bagages arri\u00e8re: 85 kg (187 lb)","new_vehicle_spec_group":"Caract\u00e9ristiques additionnelles"},{"new_vehicle_spec_label":"Longeur","new_vehicle_spec_value":"2 185 mm (86,0 po)","new_vehicle_spec_group":"Caract\u00e9ristiques additionnelles"},{"new_vehicle_spec_label":"Largeur","new_vehicle_spec_value":"1 205 mm (47,4 po)","new_vehicle_spec_group":"Caract\u00e9ristiques additionnelles"},{"new_vehicle_spec_label":"Garde au sol","new_vehicle_spec_value":"247 mm (9,7 po)","new_vehicle_spec_group":"Caract\u00e9ristiques additionnelles"},{"new_vehicle_spec_label":"Empattement","new_vehicle_spec_value":"1 294 mm (50,9 po)","new_vehicle_spec_group":"Caract\u00e9ristiques additionnelles"},{"new_vehicle_spec_label":"Poids \u00e0 vide*","new_vehicle_spec_value":"326 kg (719 lb) en ordre de marche \u2013 tous pleins faits incl. le carburant","new_vehicle_spec_group":"Caract\u00e9ristiques additionnelles"},{"new_vehicle_spec_label":"Capacit\u00e9 du r\u00e9servoir","new_vehicle_spec_value":"14,7 litres, incluant une r\u00e9serve de 4,9 litres","new_vehicle_spec_group":"Caract\u00e9ristiques additionnelles"},{"new_vehicle_spec_label":"Coloris","new_vehicle_spec_value":"Loup gris m\u00e9tallique mat","new_vehicle_spec_group":"Caract\u00e9ristiques additionnelles"},{"new_vehicle_spec_label":"Garantie","new_vehicle_spec_value":"Garantie de 12 mois, kilom\u00eatrage illimit\u00e9, transf\u00e9rable. Garantie prolong\u00e9e Honda Plus disponible.","new_vehicle_spec_group":"Caract\u00e9ristiques additionnelles"}],"new_vehicle_order":"101010","new_vehicle_managed_instock":true,"new_vehicle_brochure_url":""},"_links":{"self":[{"href":"https:\/\/www.andrehalle.com\/fr\/wp-json\/wp\/v2\/atv\/35002"}],"collection":[{"href":"https:\/\/www.andrehalle.com\/fr\/wp-json\/wp\/v2\/atv"}],"about":[{"href":"https:\/\/www.andrehalle.com\/fr\/wp-json\/wp\/v2\/types\/atv"}],"wp:attachment":[{"href":"https:\/\/www.andrehalle.com\/fr\/wp-json\/wp\/v2\/media?parent=35002"}],"wp:term":[{"taxonomy":"price-range","embeddable":true,"href":"https:\/\/www.andrehalle.com\/fr\/wp-json\/wp\/v2\/price-range?post=35002"}],"curies":[{"name":"wp","href":"https:\/\/api.w.org\/{rel}","templated":true}]}}

Honda Rubicon 520 DCT Deluxe Gris Métallique Mat Loup Des Bois 2026

Rubicon 520 DCT Deluxe Gris Métallique Mat Loup Des Bois

Gris Métallique Mat Loup Des Bois

Monocylindre à refroidissement par liquide et montage longitudinal

Cylindrée

Alésage et course

Rapport volumétrique

Soupapes en tête, 2 soupapes

Injection électronique PGM-FI

Entièrement automatique à double embrayage, à 5 rapports, programme de sélection électrique des vitesses (ESP), transmission secondaire à plage rapide/lente et marche arrière

Direction Assistée

De série, direction assistée électrique

Entraînement final

2RM/4RM; arbres avant et arrière directs avec sélection 2RM/4RM et différentiel avant à détection de couple/verrouillage

Indépendante à double bras triangulés et amortisseurs hydrauliques réglables; débattement de 185 mm (7,3 po)

Châssis et suspension

Suspension arrière

Indépendante à double bras (bras inférieur triangulé, bras supérieur en I) et amortisseurs hydrauliques réglables; débattement de 215 mm (8,5 po)

Avant : 25 x 8 - 12  Arrière : 25 x 10 - 12

Caractéristiques additionnelles

Avant : deux disques de 190 mm  Arrière : disque de 170 mm

Capacité de remorquage

Capacité de chargement

Porte-bagages avant : 45 kg (99 lb)  Porte-bagages arrière: 85 kg (187 lb)

Poids à vide*

Capacité du réservoir

14,7 litres, incluant une réserve de 4,9 litres

Loup gris métallique mat

Garantie de 12 mois, kilomêtrage illimité, transférable. Garantie prolongée Honda Plus disponible.
