{"id":35081,"date":"2025-09-24T21:38:21","date_gmt":"2025-09-25T01:38:21","guid":{"rendered":"https:\/\/www.andrehalle.com\/inventory\/produits-mecaniques-honda-eb6500xct2-none-a-vendre-ins00049\/"},"modified":"2025-10-08T10:07:28","modified_gmt":"2025-10-08T14:07:28","slug":"produits-mecaniques-honda-eb6500xct2-none-a-vendre-ins00049","status":"publish","type":"inventory","link":"https:\/\/www.andrehalle.com\/fr\/inventaire\/produits-mecaniques-honda-eb6500xct2-none-a-vendre-ins00049\/","title":{"rendered":"Honda EB6500XCT2"},"template":"","price-range":[3],"weight-range":[],"length-range":[],"acf":{"stock":"INS00049","make":"Honda","series":"","model":"EB6500XCT2","submodel_trim":"","year":"","interior_color":"","exterior_color":"","normalized_interior_color":"","normalized_exterior_color":"","km":"","hours_used":"","miles":"","price":"3498.00","price_discount":"","price_lowest":"3498.00","price_us":"2498.57","description":"<p><strong>D&eacute;couvrez le Honda EB6500XCT2<\/strong> chez <em>Andr&eacute; Hall&eacute; et Fils<\/em>, votre concessionnaire de confiance. Ce g&eacute;n&eacute;rateur puissant est id&eacute;al pour tous vos besoins &eacute;nerg&eacute;tiques, que ce soit pour le travail ou les loisirs.<\/p>\n<ul>\n<li>Fiabilit&eacute; Honda reconnue<\/li>\n<li>Performance exceptionnelle<\/li>\n<li>Facilit&eacute; d'utilisation<\/li>\n<\/ul>\n<p>Visitez-nous ou appelez-nous&nbsp;pour plus d'informations. Profitez de notre expertise et de notre service client exceptionnel. <strong>Ne manquez pas cette opportunit&eacute;, contactez-nous d&egrave;s aujourd'hui !<\/strong><\/p>","active_promotion":"","vin":"","category":"Produits m\u00e9caniques","category_type":"G\u00e9n\u00e9ratrices","door_qty":"","seat_qty":"","cylinder_qty":"","warranty_class":"","warranty_text":"","drivetrain":"","transmission":"","transmission_speed":"","fuel_type":"","horse_power":"","power_takeoff":"","cooling_system":"","engine_size":"","engine_capacity":"","front_wheel_size":"","rear_wheel_size":"","condition":"V\u00e9hicule neuf","images":[{"photo_url":"https:\/\/cdn.powergo.ca\/media\/inventory\/2025\/39\/61f383ceaa4149c5a50a9744ffe2787b_1024x768_webp\/eb6500xct2-0.webp","photo_valid":true},{"photo_url":"https:\/\/cdn.powergo.ca\/media\/inventory\/2025\/39\/1c49440782b44af59041424fd3681a47_1024x768_webp\/eb6500xct2-1.webp","photo_valid":true},{"photo_url":"https:\/\/cdn.powergo.ca\/media\/inventory\/2025\/39\/5752efb927ac432cba1caaa9f26a297d_1024x768_webp\/eb6500xct2-2.webp","photo_valid":true},{"photo_url":"https:\/\/cdn.powergo.ca\/media\/inventory\/2025\/39\/6be051f064684850ac7c044c43ab4ac2_1024x768_webp\/eb6500xct2-3.webp","photo_valid":true},{"photo_url":"https:\/\/cdn.powergo.ca\/media\/inventory\/2025\/39\/5cc776091e3643e2812988c543699e93_1024x768_webp\/eb6500xct2-4.webp","photo_valid":true}],"options":"","weight":"","length":"","width":"","construction_material":"","payment_frequency":"","used_vehicle_days":"13","update_timestamp":"1759411067","url_slug":"honda-eb6500xct2-None-a-vendre-ins00049","dealer_label":"Matane","dealer_address":"1390, Avenue du Phare O","dealer_city":"Matane","dealer_province":"Qu\u00e9bec","dealer_country":"Canada","dealer_postal_code":"G4W 3M6","dealer_phone":"4185664547","is_sold":false,"video":"","jacob":"","front_axle":"","rear_axle":"","differential":"","ratio":"","suspension":"","frame":"","cab_axle":"","wheelbase":"","axle_spread":"","wheels":"","tires":"","brakes":"","used_vehicle_liquidation":false,"is_new_listing":false,"is_new_price":false,"is_demo":false,"used_vehicle_feature":false,"is_certified":false,"is_special_offer":false,"used_vehicle_incoming":false,"catalog_specs":[{"spec_group":"\u00c9lectricit\u00e9","spec_label":"Type de g\u00e9n\u00e9ratrice","spec_value":"\u00c0 balais"},{"spec_group":"\u00c9lectricit\u00e9","spec_label":"Puissance CA maximale (watts)","spec_value":"6 500"},{"spec_group":"\u00c9lectricit\u00e9","spec_label":"Tension CA disponible (volts)","spec_value":"120 \/ 240"},{"spec_group":"\u00c9lectricit\u00e9","spec_label":"Puissance CA continue maximale (watts)","spec_value":"5 500 7 000 (iAVR)"},{"spec_group":"\u00c9lectricit\u00e9","spec_label":"Intensit\u00e9 CA nominale max. \u00e0 120 \/ 240 V (A)","spec_value":"45,8 \/ 22,9 (58,3 \/ 29,2 pendant 10 sec iAVR)"},{"spec_group":"\u00c9lectricit\u00e9","spec_label":"Disjoncteur de fuite \u00e0 la terre (GFCI)","spec_value":"De s\u00e9rie"},{"spec_group":"\u00c9lectricit\u00e9","spec_label":"Fr\u00e9quence (hertz)","spec_value":"60"},{"spec_group":"\u00c9lectricit\u00e9","spec_label":"R\u00e8gulateur de tension automatique","spec_value":"iAVR de s\u00e9rie (r\u00e9gulateur de tension intelligent auto.)"},{"spec_group":"\u00c9lectricit\u00e9","spec_label":"Puissance CC, volts \/ amps.","spec_value":"s.o."},{"spec_group":"\u00c9lectricit\u00e9","spec_label":"Sp\u00e9cifications de la prise r\u00e9guli\u00e8re double","spec_value":"40 amp\u00e8res\/120 volts CA en continu disponibles comme total combin\u00e9 pour les deux prises CA r\u00e9guli\u00e8res. Maximum de 20 amp\u00e8res disponibles \u00e0 chaque prise \u00e0 GFCI."},{"spec_group":"\u00c9lectricit\u00e9","spec_label":"Sp\u00e9cifications de la prise CC","spec_value":"s.o."},{"spec_group":"\u00c9lectricit\u00e9","spec_label":"C\u00e2ble de charge CC","spec_value":"s.o."},{"spec_group":"\u00c9lectricit\u00e9","spec_label":"Sp\u00e9cifications de la prise haute capacit\u00e9 120 \/ 240 volts CA \u00e0 verrou rotatif","spec_value":"30 amp\u00e8res \u00e0 120 VCA en continu disponibles \u00e0 cette prise. 22,9 amp\u00e8res (5,5 kVA) \u00e0 240 volts CA en continu disponibles \u00e0 cette prise."},{"spec_group":"Moteur","spec_label":"Type de moteur","spec_value":"Honda iGX390T2, 4-temps, soupapes en t\u00eate, refroidipar air"},{"spec_group":"Moteur","spec_label":"Cylindr\u00e9e","spec_value":"389 cm3"},{"spec_group":"Moteur","spec_label":"Syst\u00e8me de d\u00e9marrage","spec_value":"Manuel \u00e0 rappel"},{"spec_group":"Moteur","spec_label":"Syst\u00e8me d\u2019alerte de bas niveau d\u2019huile","spec_value":"De s\u00e9rie"},{"spec_group":"Moteur","spec_label":"Pilote automatique des gaz","spec_value":"De s\u00e9rie"},{"spec_group":"Moteur","spec_label":"Capacit\u00e9 de d\u00e9marrage \u00e0 distance","spec_value":"s.o."},{"spec_group":"Moteur","spec_label":"Capacit\u00e9 du r\u00e9servoir (litres)","spec_value":"23,5 L (5,17 gal Imp.)"},{"spec_group":"Dimensions et Informations additionnelles","spec_label":"Roues de transport","spec_value":"2 roues de s\u00e9rie"},{"spec_group":"Dimensions et Informations additionnelles","spec_label":"Crochet de levage","spec_value":"De s\u00e9rie"},{"spec_group":"Dimensions et Informations additionnelles","spec_label":"Batterie","spec_value":"s.o."},{"spec_group":"Dimensions et Informations additionnelles","spec_label":"Autonomie approximative par r\u00e9servoir plein (h)","spec_value":"6,9** \/ 10,4****"},{"spec_group":"Dimensions et Informations additionnelles","spec_label":"Consommation estim\u00e9e (litres\/heure)","spec_value":"3,40**"},{"spec_group":"Dimensions et Informations additionnelles","spec_label":"Niveau sonore dB(A) (1,5 m \u00e0 7 m)","spec_value":"73**"},{"spec_group":"Dimensions et Informations additionnelles","spec_label":"Longueur (sans poign\u00e9es ni roues)","spec_value":"681 mm (26,8 po)"},{"spec_group":"Dimensions et Informations additionnelles","spec_label":"Longueur (avec poign\u00e9es et roues)","spec_value":"1 051 mm (41,4 po)"},{"spec_group":"Dimensions et Informations additionnelles","spec_label":"Largeur (sans poign\u00e9es ni roues)","spec_value":"530 mm (20,9 po)"},{"spec_group":"Dimensions et Informations additionnelles","spec_label":"Largeur (avec poign\u00e9es et roues)","spec_value":"706 mm (27,8 po)"},{"spec_group":"Dimensions et Informations additionnelles","spec_label":"Hauteur (sans crochet de levage)","spec_value":"719 mm (28,3 po)"},{"spec_group":"Dimensions et Informations additionnelles","spec_label":"Hauteur (avec crochet de levage)","spec_value":"773 mm (30,4 po) de s\u00e9rie"},{"spec_group":"Dimensions et Informations additionnelles","spec_label":"Poids \u00e0 sec","spec_value":"97,2 kg (214,3 lb)"},{"spec_group":"Dimensions et Informations additionnelles","spec_label":"Technologie<>","spec_value":"De s\u00e9rie"}],"custom_flags":"","vehicle_id":"4a3008ac-8741-40aa-936f-ac7e88d87364","video_url_360":"","bunk_beds":"","hull_material":"","boat_engine_type":"","boat_engine_make":"","boat_engine_model":""},"_links":{"self":[{"href":"https:\/\/www.andrehalle.com\/fr\/wp-json\/wp\/v2\/inventory\/35081"}],"collection":[{"href":"https:\/\/www.andrehalle.com\/fr\/wp-json\/wp\/v2\/inventory"}],"about":[{"href":"https:\/\/www.andrehalle.com\/fr\/wp-json\/wp\/v2\/types\/inventory"}],"wp:attachment":[{"href":"https:\/\/www.andrehalle.com\/fr\/wp-json\/wp\/v2\/media?parent=35081"}],"wp:term":[{"taxonomy":"price-range","embeddable":true,"href":"https:\/\/www.andrehalle.com\/fr\/wp-json\/wp\/v2\/price-range?post=35081"},{"taxonomy":"weight-range","embeddable":true,"href":"https:\/\/www.andrehalle.com\/fr\/wp-json\/wp\/v2\/weight-range?post=35081"},{"taxonomy":"length-range","embeddable":true,"href":"https:\/\/www.andrehalle.com\/fr\/wp-json\/wp\/v2\/length-range?post=35081"}],"curies":[{"name":"wp","href":"https:\/\/api.w.org\/{rel}","templated":true}]}}

Produits mécaniques

Génératrices

Véhicule neuf

Québec

Électricité

Type de génératrice

À balais

Intensité CA nominale max. à 120 / 240 V (A)

Disjoncteur de fuite à la terre (GFCI)

De série

Fréquence (hertz)

Règulateur de tension automatique

iAVR de série (régulateur de tension intelligent auto.)

Spécifications de la prise régulière double

40 ampères/120 volts CA en continu disponibles comme total combiné pour les deux prises CA régulières. Maximum de 20 ampères disponibles à chaque prise à GFCI.

Spécifications de la prise CC

Câble de charge CC

Spécifications de la prise haute capacité 120 / 240 volts CA à verrou rotatif

30 ampères à 120 VCA en continu disponibles à cette prise. 22,9 ampères (5,5 kVA) à 240 volts CA en continu disponibles à cette prise.

Honda iGX390T2, 4-temps, soupapes en tête, refroidipar air

Cylindrée

Système de démarrage

Manuel à rappel

Système d’alerte de bas niveau d’huile

Capacité de démarrage à distance

Capacité du réservoir (litres)

2 roues de série

Autonomie approximative par réservoir plein (h)

Consommation estimée (litres/heure)

Niveau sonore dB(A) (1,5 m à 7 m)

Longueur (sans poignées ni roues)

Longueur (avec poignées et roues)

Largeur (sans poignées ni roues)

Largeur (avec poignées et roues)

773 mm (30,4 po) de série

Poids à sec
