{"id":34872,"date":"2025-08-18T10:34:02","date_gmt":"2025-08-18T14:34:02","guid":{"rendered":"https:\/\/www.andrehalle.com\/watercraft\/sea-doo-wake-pro-230-ch-sable-bleu-eclatant-2026\/"},"modified":"2026-04-28T17:05:14","modified_gmt":"2026-04-28T21:05:14","slug":"sea-doo-wake-pro-230-ch-sable-bleu-eclatant-2026","status":"publish","type":"watercraft","link":"https:\/\/www.andrehalle.com\/fr\/motomarine\/sea-doo-wake-pro-230-ch-sable-bleu-eclatant-2026\/","title":{"rendered":"Sea-Doo Wake Pro 230 ch Sable \/ Bleu \u00c9clatant 2026"},"featured_media":0,"template":"","price-range":[8],"acf":{"new_vehicle_instock_make":"Sea-Doo","new_vehicle_model":"Wake Pro 230 ch Sable \/ Bleu \u00c9clatant","new_vehicle_year":"2026","new_vehicle_type":"Wake","new_vehicle_colours":"Sable \/ Bleu \u00c9clatant","new_vehicle_description":"","new_vehicle_instock_images":[{"new_vehicle_image":"https:\/\/cdn.powergo.ca\/media\/catalog\/2025\/34\/a557a9311cf1482ba7a7bbc53fd6cc8f_1024x768_webp\/sea-doo-wake-pro-230-ch-sable-bleu-eclatant-2026-0.webp"}],"new_vehicle_price":"25844.00","new_vehicle_price_discount":"","new_vehicle_price_fees_included":false,"new_vehicle_specs":[{"new_vehicle_spec_label":"Puissance","new_vehicle_spec_value":"1630 ACE\ud83c\udd6a - 230","new_vehicle_spec_group":"Moteur"},{"new_vehicle_spec_label":"Capacit\u00e9 de rangement bo\u00eete \u00e0 gants","new_vehicle_spec_value":"70 L \/ 18,5 US gal","new_vehicle_spec_group":"Capacit\u00e9"},{"new_vehicle_spec_label":"Longueur","new_vehicle_spec_value":"98,9 L \/ 26,1 gal US","new_vehicle_spec_group":"Dimensions du v\u00e9hicule"},{"new_vehicle_spec_label":"Largeur","new_vehicle_spec_value":"345 cm \/ 135,8 po","new_vehicle_spec_group":"Dimensions du v\u00e9hicule"},{"new_vehicle_spec_label":"Hauteur","new_vehicle_spec_value":"125 cm \/ 49,2 po (sans support pour planche)","new_vehicle_spec_group":"Dimensions du v\u00e9hicule"},{"new_vehicle_spec_label":"Hauteur avec bimini abaiss\u00e9","new_vehicle_spec_value":"114 cm \/ 44,9 po","new_vehicle_spec_group":"Dimensions du v\u00e9hicule"},{"new_vehicle_spec_label":"Poids \u00e0 vide de la remorque","new_vehicle_spec_value":"379 kg \/ 836 lb","new_vehicle_spec_group":"Dimensions du v\u00e9hicule"},{"new_vehicle_spec_label":"Type","new_vehicle_spec_value":"Coque ST3\u00ae","new_vehicle_spec_group":"Coque"},{"new_vehicle_spec_label":"Mat\u00e9riau","new_vehicle_spec_value":"Fibre de verre","new_vehicle_spec_group":"Coque"},{"new_vehicle_spec_label":"Type de compteur","new_vehicle_spec_value":"\u00c9cran tactile de 10,25 po","new_vehicle_spec_group":"Compteur"},{"new_vehicle_spec_label":"Garantie","new_vehicle_spec_value":"Garantie limit\u00e9e d'un an de BRP sur la motomarine.","new_vehicle_spec_group":"Garantie"}],"new_vehicle_order":"80140260","new_vehicle_managed_instock":true,"new_vehicle_brochure_url":""},"_links":{"self":[{"href":"https:\/\/www.andrehalle.com\/fr\/wp-json\/wp\/v2\/watercraft\/34872"}],"collection":[{"href":"https:\/\/www.andrehalle.com\/fr\/wp-json\/wp\/v2\/watercraft"}],"about":[{"href":"https:\/\/www.andrehalle.com\/fr\/wp-json\/wp\/v2\/types\/watercraft"}],"wp:attachment":[{"href":"https:\/\/www.andrehalle.com\/fr\/wp-json\/wp\/v2\/media?parent=34872"}],"wp:term":[{"taxonomy":"price-range","embeddable":true,"href":"https:\/\/www.andrehalle.com\/fr\/wp-json\/wp\/v2\/price-range?post=34872"}],"curies":[{"name":"wp","href":"https:\/\/api.w.org\/{rel}","templated":true}]}}

Sea-Doo Wake Pro 230 ch Sable / Bleu Éclatant 2026

Wake Pro 230 ch Sable / Bleu Éclatant

Sable / Bleu Éclatant

Capacité de rangement boîte à gants

Capacité

Dimensions du véhicule

Hauteur avec bimini abaissé

Poids à vide de la remorque

Matériau

Écran tactile de 10,25 po

Garantie limitée d'un an de BRP sur la motomarine.
